 b.
19
Suppose 4*p - 71 = -3*c, 0*c + 36 = 2*p + 2*c. Suppose 2*t - 8 = 10. Calculate the remainder when p is divided by t.
8
Let v(b) be the first derivative of 7*b**3/3 + b**2 - b + 4. What is the remainder when 1*(-4)/(-2) - -65 is divided by v(-2)?
21
Let k(z) = 4*z**3 + z - 2*z**3 + z**2 - 4*z + z**2. Calculate the remainder when 33 is divided by k(2).
15
Suppose -2*q = 8, 4*v - 4*q = 666 + 386. Suppose -v = -5*j + 3*y, -3*j = 2*j + 5*y - 275. Calculate the remainder when j is divided by 14.
11
Let x(k) = k**2 - 9*k - 16. Let y be x(11). Calculate the remainder when 25 is divided by (-2 - -14) + y/(-2).
7
Let r = 74 - 32. Calculate the remainder when 123 is divided by r.
39
Suppose p = -2*p + 42. What is the remainder when 23 is divided by p?
9
Suppose 3*d - 25 = -3*u + 14, 3*d - 45 = 3*u. Calculate the remainder when 41 is divided by d.
13
Let j be (-6)/4*4/(-3). Let d(l) = -l**2 + 7*l - 1. Let y be d(5). Let c = j + y. Calculate the remainder when 20 is divided by c.
9
What is the remainder when 171 is divided by (-4)/10*(-3010)/28?
42
Suppose z - 8 + 5 = 0. Suppose m - 29 = -d, d - z*d + 54 = 4*m. Calculate the remainder when d is divided by 8.
7
Let o(d) = -d**3 + 4*d**2 + 5. Let z be o(4). Let a(m) = -m**2 + 7*m + 2. Let r(y) = -y**3 - y**2 + 34. What is the remainder when r(0) is divided by a(z)?
10
Let i(g) = -g - 1. Let r be i(2). Let m = 5 + r. Suppose -1 = p - 3*v, 5*v - 1 + 2 = m*p. Calculate the remainder when p is divided by 5.
3
Let s(v) = v**3 + 10*v**2 - 11*v + 2. Let i be s(-11). Suppose -10 = -i*h + 4. What is the remainder when 20 is divided by h?
6
Suppose 2*k - q - 155 = -4*q, -3*k + 5*q = -204. Calculate the remainder when k is divided by 2 + (8 - 9)*-1*23.
23
Suppose 134 = 3*p + 5*d, 3*d = -p + 47 + 3. Calculate the remainder when p is divided by 14.
10
Let i(n) = 2*n**2 + 7*n + 12. Suppose 0 = 5*w + 9 - 59. Calculate the remainder when i(-5) is divided by w.
7
Let t(z) be the second derivative of -13*z**3/6 - 3*z. Let o be t(-7). Suppose 1 = 4*n - o. Calculate the remainder when n is divided by 8.
7
Let u = 23 - 15. Let i(p) = -8 - 3*p + p + 0*p + 0*p. Calculate the remainder when i(-11) is divided by u.
6
Suppose -899 - 81 = -35*v. Suppose 5*p - 17 + 172 = 0. Let d = p + 46. What is the remainder when v is divided by d?
13
Suppose -z + 5 = 26. Let w = 76 + z. Calculate the remainder when w is divided by 29.
26
Let p(i) = -3*i - 5. Let g be p(9). Let l = g + 64. Calculate the remainder when l is divided by 7.
4
Let h = 204 - 131. Calculate the remainder when h is divided by 38.
35
Suppose 0 = 3*t - 39 + 6. What is the remainder when 43 is divided by t?
10
Suppose -3*d = l + 8, 2*d = -3*l - 1 - 2. Calculate the remainder when (0 - l)*(-41 + -2) is divided by 15.
13
Let o = -3 - -3. Suppose -d + 6*d - 135 = o. What is the remainder when d is divided by 14?
13
Suppose h - 8 = -3*h, 5*i - 23 = h. Suppose -4*w = w + 2*n - 71, -9 = -3*n. Calculate the remainder when w is divided by i.
3
Let a = -7 + 9. Suppose 0 = 4*m, -a*y + 17 = 3*m - 5. What is the remainder when 2/5 + 153/5 is divided by y?
9
Suppose 3*g = 3, 0 = -2*r + 2*g - 1 - 1. Suppose 4*f + f - 95 = r. Let u = -4 - -11. What is the remainder when f is divided by u?
5
Let p be 0 - 2 - -3 - 1. Let j = 2 - p. Calculate the remainder when 3*2/3*2 is divided by j.
0
Suppose -5*j + 92 = -t, -5*j - 5*t + 72 = -2*j. What is the remainder when (2 + -2 - -72) + 2 is divided by j?
17
Calculate the remainder when 63 is divided by 2/(-3) + 748/33.
19
Let u = -16 + 27. Suppose -3*z = 5*j - 2*z + 13, 4*z + 18 = -3*j. Let n = j - -22. Calculate the remainder when n is divided by u.
9
Let y = 5 - 6. Calculate the remainder when (-48 + y)/(-3 - -2) is divided by 25.
24
Suppose -4*x - f = 4*f - 63, -2*x - f + 33 = 0. Let w = 30 - -19. Calculate the remainder when w is divided by x.
15
Suppose 109*l = 111*l - 20. Calculate the remainder when 29 is divided by l.
9
Let a = 7 + -4. Let r = 8 - a. What is the remainder when 8 is divided by r?
3
Suppose 2*i - 6 = -i. Let x = -14 + 19. Suppose 5*v - o + i*o = 21, v = -x*o - 15. What is the remainder when 9 is divided by v?
4
Suppose -r = -7 - 10. Let j(x) = 4*x + 10. Let l be j(-5). Let a = r + l. Calculate the remainder when a is divided by 4.
3
What is the remainder when 12 is divided by 3 + -2 - (-2 - 0)?
0
Suppose 4*t = 7*t - 33. Calculate the remainder when 13 is divided by t.
2
Suppose -3 = r, -7*x + 14 = -2*x - 3*r. What is the remainder when 1 is divided by x?
0
Let z be (-30)/25*(1 - 16). Let w = 29 - z. What is the remainder when 20 is divided by w?
9
Let b = 51 + -36. Let y = b - 11. What is the remainder when 9 is divided by y?
1
Let p be (-17)/(-3) - (-2)/(-3). Suppose -2*w + r = p*r - 22, 0 = -w + 3*r - 9. Calculate the remainder when 5 is divided by w.
2
Suppose -2*x - 5*k = 3 - 261, 387 = 3*x + 2*k. What is the remainder when x is divided by 10?
9
Let j(t) = t**3 + 9*t**2 + 7*t - 9. Let b be j(-8). Let i = b - -15. What is the remainder when ((-91)/i)/((-1)/4) is divided by 9?
8
Let n = 47 + -40. Calculate the remainder when 25 is divided by n.
4
Suppose 11 = -y + 108. Suppose 5*z - 18 = y. Suppose 0 = -3*t - 5*k + 49, k - 4*k = -3*t + 9. Calculate the remainder when z is divided by t.
7
Suppose 4*t - t - 156 = 0. What is the remainder when t is divided by 14?
10
Let m = -23 + 40. Suppose -72 = -5*x + 3*n, -3*n + 7 = 3*x - 17. Let k(i) = i**2 - 6*i - 7. What is the remainder when k(x) is divided by m?
14
Let m(d) be the second derivative of -d**3/6 + 2*d. Let c = -3 + 5. What is the remainder when m(-2) is divided by c?
0
Let h = 7 + 36. Calculate the remainder when h is divided by -1*2/(2/(-11)).
10
Let j = 22 - 13. Let w = -6 + j. Calculate the remainder when 5 is divided by w.
2
Suppose 7*w - 540 = 1077. What is the remainder when 103 is divided by w/9 - 2/(-6)?
25
What is the remainder when 7710/75 - (-2)/10 is divided by 26?
25
Suppose 4*l - 4*f - 44 = 0, 4*l - f = l + 37. Calculate the remainder when 51 is divided by l.
12
Let m(c) = c**2 - c - 4. Let y be m(0). Let i = y + 13. What is the remainder when 26 is divided by i?
8
Let m be (12/(-10))/(4/(-20)). Suppose -m*w + 84 = -2*w. What is the remainder when 61 is divided by w?
19
Suppose 0 = -5*b - 2*z + 25, -2*b = -7*b + z + 40. Calculate the remainder when (26/(-6))/(6/(-18)) is divided by b.
6
Suppose -6*q - 43 = -q - 3*p, -19 = 3*q + 5*p. Calculate the remainder when 5/(-20) - 106/q is divided by 102/14 + (-2)/7.
6
Suppose -176 + 12 = -4*v. What is the remainder when v is divided by 22?
19
Suppose 27 = a + 5*j, j + 0 - 3 = 0. Suppose -2*h + 0*i + 2*i + a = 0, 3*h = -5*i - 14. What is the remainder when 2 is divided by h?
0
Suppose -d - f + 2 = 0, 0 = -3*d - 4*f - f - 4. Let a be (-2 + -13)*2/(-3). Suppose 2*j + a = d*j. Calculate the remainder when j is divided by 2.
0
Let j(k) = -k**3 + 9*k**2 - 7*k + 3. What is the remainder when 2 + 40 - 0/(-2) is divided by j(8)?
9
Suppose r + 0*r = 17. Let v(k) = -4*k - 2*k - 1 + k + k**2. Calculate the remainder when v(-5) is divided by r.
15
Let s = -7 - -3. What is the remainder when s/(-18) + 3860/45 is divided by 29?
28
Calculate the remainder when 23 is divided by (-1*1)/(13/(-91)).
2
Let t(s) = 10*s**2 - 52*s. Calculate the remainder when t(8) is divided by 25.
24
Let f(m) = m**2 - 8*m - 9. What is the remainder when f(-4) is divided by 20?
19
Let k(g) = -14*g - 7. Let c(t) = -28*t - 13. Suppose 4*u - 5*u = -11. Let b(l) = u*k(l) - 6*c(l). Calculate the remainder when 43 is divided by b(1).
13
Let n = -13 - -18. Suppose -n*p = -4*i + 2*i - 13, -i = 4*p - 26. Calculate the remainder when 21 is divided by i.
3
Calculate the remainder when (-76)/18 + (-20)/(-90) - -103 is divided by 21.
15
Let i(f) = f**3 - 5*f**2 + 2*f + 4. Let j be i(3). Let c be 1/4 + (-46)/j. Suppose 0*b - 3*b = -c. Calculate the remainder when 2 is divided by b.
0
Suppose -2*h = -3*z - 49, h = 5*h - 4*z - 88. Let k = h - 9. What is the remainder when 13 is divided by k?
5
Suppose 4*f - 116 = -0*f. What is the remainder when f is divided by 8?
5
Let b = -7 - -12. Suppose 2*h = -0*h - 2*u + 4, -b*h = 2*u - 19. Suppose 2*p - 4*f - 7 = 27, -h*p = f - 85. Calculate the remainder when 50 is divided by p.
16
Suppose 5*a - 28 = -4*z + 105, -19 = -a 